{"id":635,"date":"2024-05-27T11:53:31","date_gmt":"2024-05-27T09:53:31","guid":{"rendered":"https:\/\/xsoftpoint.com.pl\/?page_id=635"},"modified":"2024-05-27T12:57:36","modified_gmt":"2024-05-27T10:57:36","slug":"rozwijaj-swoj-biznes-z-enova365","status":"publish","type":"page","link":"https:\/\/xsoftpoint.com.pl\/index.php\/rozwijaj-swoj-biznes-z-enova365\/","title":{"rendered":"Rozwijaj sw\u00f3j biznes z enova365!"},"content":{"rendered":"\t\t<div data-elementor-type=\"wp-page\" data-elementor-id=\"635\" class=\"elementor elementor-635\">\n\t\t\t\t\t\t\t\t\t<section class=\"elementor-section elementor-top-section elementor-element elementor-element-6962e06a elementor-section-boxed elementor-section-height-default elementor-section-height-default elementor-invisible\" data-id=\"6962e06a\" data-element_type=\"section\" data-settings=\"{&quot;animation&quot;:&quot;slideInLeft&quot;}\">\n\t\t\t\t\t\t<div class=\"elementor-container elementor-column-gap-default\">\n\t\t\t\t\t<div class=\"elementor-column elementor-col-100 elementor-top-column elementor-element elementor-element-14131634\" data-id=\"14131634\" data-element_type=\"column\">\n\t\t\t<div class=\"elementor-widget-wrap elementor-element-populated\">\n\t\t\t\t\t\t\t\t<div class=\"elementor-element elementor-element-2a9eecec elementor-widget elementor-widget-text-editor\" data-id=\"2a9eecec\" data-element_type=\"widget\" data-widget_type=\"text-editor.default\">\n\t\t\t\t<div class=\"elementor-widget-container\">\n\t\t\t<style>\/*! elementor - v3.15.0 - 09-08-2023 *\/\n.elementor-widget-text-editor.elementor-drop-cap-view-stacked .elementor-drop-cap{background-color:#69727d;color:#fff}.elementor-widget-text-editor.elementor-drop-cap-view-framed .elementor-drop-cap{color:#69727d;border:3px solid;background-color:transparent}.elementor-widget-text-editor:not(.elementor-drop-cap-view-default) .elementor-drop-cap{margin-top:8px}.elementor-widget-text-editor:not(.elementor-drop-cap-view-default) .elementor-drop-cap-letter{width:1em;height:1em}.elementor-widget-text-editor .elementor-drop-cap{float:left;text-align:center;line-height:1;font-size:50px}.elementor-widget-text-editor .elementor-drop-cap-letter{display:inline-block}<\/style>\t\t\t\t<h3>enova365 to oprogramowanie ERP tworzone i rozwijane przez polskich eksperto\u0301w:\u00a0<\/h3><ul><li>ERP zgodny z aktualnymi przepisami kadrowymi, ksi\u0119gowymi oraz gospodarczymi,<\/li><li><span style=\"letter-spacing: 0px;\">system zaprojektowany w oparciu o nowo\u015bci technologiczne i sprawdzone trendy,<\/span><\/li><li><span style=\"letter-spacing: 0px;\">sta\u0142y dost\u0119p do nowych funkcji. Dbamy o aktualizacje systemu, kt\u00f3re wprowadzaj\u0105 najnowsze rozwi\u0105zania oraz usprawnienia.<\/span><\/li><\/ul><h3>Co wyro\u0301\u017cnia enova365 od innych ERP?<\/h3><ul><li>mo\u017cliwos\u0301\u0107 korzystania z ro\u0301\u017cnych urz\u0105dze\u0144 w obre\u0328bie tej samej bazy danych oraz na dedykowanych interfejs,<\/li><li>szerokie mo\u017cliwo\u015bci integracji z zewn\u0119trznymi systemami (EDI, API oraz autorskie rozwi\u0105zanie enova365 Integrator),<\/li><li>\u0142atwos\u0301c\u0301 przenoszenia danych z arkusza kalkulacyjnego MS Excel do enova365,<\/li><li>rozbudowane platformy komunikacyjne dedykowane ro\u0301\u017cnym grupom u\u017cytkowniko\u0301w:<\/li><\/ul><div class=\"layoutArea\"><div class=\"column\">\u00a0<\/div><\/div><p><!-- \/wp:paragraph --><\/p>\t\t\t\t\t\t<\/div>\n\t\t\t\t<\/div>\n\t\t\t\t\t<\/div>\n\t\t<\/div>\n\t\t\t\t\t\t\t<\/div>\n\t\t<\/section>\n\t\t\t\t<section class=\"elementor-section elementor-top-section elementor-element elementor-element-31871bb elementor-section-boxed elementor-section-height-default elementor-section-height-default elementor-invisible\" data-id=\"31871bb\" data-element_type=\"section\" data-settings=\"{&quot;animation&quot;:&quot;slideInLeft&quot;}\">\n\t\t\t\t\t\t<div class=\"elementor-container elementor-column-gap-default\">\n\t\t\t\t\t<div class=\"elementor-column elementor-col-50 elementor-top-column elementor-element elementor-element-b0cc825\" data-id=\"b0cc825\" data-element_type=\"column\">\n\t\t\t<div class=\"elementor-widget-wrap elementor-element-populated\">\n\t\t\t\t\t\t\t\t<div class=\"elementor-element elementor-element-88eb819 elementor-widget elementor-widget-image\" data-id=\"88eb819\" data-element_type=\"widget\" data-widget_type=\"image.default\">\n\t\t\t\t<div class=\"elementor-widget-container\">\n\t\t\t<style>\/*! elementor - v3.15.0 - 09-08-2023 *\/\n.elementor-widget-image{text-align:center}.elementor-widget-image a{display:inline-block}.elementor-widget-image a img[src$=\".svg\"]{width:48px}.elementor-widget-image img{vertical-align:middle;display:inline-block}<\/style>\t\t\t\t\t\t\t\t\t\t\t\t<img loading=\"lazy\" decoding=\"async\" width=\"554\" height=\"602\" src=\"https:\/\/xsoftpoint.com.pl\/wp-content\/uploads\/2024\/05\/image003-kopia.png\" class=\"attachment-large size-large wp-image-643\" alt=\"\" srcset=\"https:\/\/xsoftpoint.com.pl\/wp-content\/uploads\/2024\/05\/image003-kopia.png 554w, https:\/\/xsoftpoint.com.pl\/wp-content\/uploads\/2024\/05\/image003-kopia-276x300.png 276w\" sizes=\"auto, (max-width: 554px) 100vw, 554px\" \/>\t\t\t\t\t\t\t\t\t\t\t\t\t\t\t<\/div>\n\t\t\t\t<\/div>\n\t\t\t\t\t<\/div>\n\t\t<\/div>\n\t\t\t\t<div class=\"elementor-column elementor-col-50 elementor-top-column elementor-element elementor-element-d60590f\" data-id=\"d60590f\" data-element_type=\"column\">\n\t\t\t<div class=\"elementor-widget-wrap elementor-element-populated\">\n\t\t\t\t\t\t\t\t<div class=\"elementor-element elementor-element-c90ae0a elementor-widget elementor-widget-text-editor\" data-id=\"c90ae0a\" data-element_type=\"widget\" data-widget_type=\"text-editor.default\">\n\t\t\t\t<div class=\"elementor-widget-container\">\n\t\t\t\t\t\t\t<div class=\"page\" title=\"Page 2\"><div class=\"section\"><div class=\"layoutArea\"><div class=\"column\"><h4><strong>1. Interfejs okienkowy:<\/strong><\/h4><p>Wersja klasyczna, okienkowa Windows\u00a0<span style=\"letter-spacing: 0px;\">Forma skierowana do mi\u0142os\u0301niko\u0301w tradycyjnego interfejsu.<\/span><\/p><\/div><\/div><\/div><\/div>\t\t\t\t\t\t<\/div>\n\t\t\t\t<\/div>\n\t\t\t\t<div class=\"elementor-element elementor-element-e40d67a elementor-widget elementor-widget-text-editor\" data-id=\"e40d67a\" data-element_type=\"widget\" data-widget_type=\"text-editor.default\">\n\t\t\t\t<div class=\"elementor-widget-container\">\n\t\t\t\t\t\t\t<div class=\"page\" title=\"Page 2\">\n<div class=\"section\">\n<div class=\"layoutArea\">\n<div class=\"column\">\n<h4><strong>2. Interfejs przegl\u0105darkowy<\/strong>:<\/h4>\n<\/div>\n<\/div>\n<div class=\"layoutArea\">\n<div class=\"column\">\n<p>Wersja webowa dla cenia\u0328cych prac\u0119 z dowolnego miejsca. Dedykowana uz\u017cytkownikom systemu operacyjnego Windows, macOS, Chrome OS.<\/p>\n<\/div>\n<\/div>\n<\/div>\n<\/div>\t\t\t\t\t\t<\/div>\n\t\t\t\t<\/div>\n\t\t\t\t<div class=\"elementor-element elementor-element-94726f2 elementor-widget elementor-widget-text-editor\" data-id=\"94726f2\" data-element_type=\"widget\" data-widget_type=\"text-editor.default\">\n\t\t\t\t<div class=\"elementor-widget-container\">\n\t\t\t\t\t\t\t<div class=\"page\" title=\"Page 2\">\n<div class=\"section\">\n<div class=\"layoutArea\">\n<div class=\"column\">\n<h4><strong>3. Interfejs mobilny:<\/strong><\/h4>\n<p>Dedykowany mobilnym przedsi\u0119biorcom, cz\u0119sto korzystaja\u0328cym ze smartfono\u0301w z systemem operacyjnym Android.<\/p>\n<\/div>\n<\/div>\n<\/div>\n<\/div>\t\t\t\t\t\t<\/div>\n\t\t\t\t<\/div>\n\t\t\t\t\t<\/div>\n\t\t<\/div>\n\t\t\t\t\t\t\t<\/div>\n\t\t<\/section>\n\t\t\t\t<section class=\"elementor-section elementor-top-section elementor-element elementor-element-a34dc65 elementor-section-boxed elementor-section-height-default elementor-section-height-default elementor-invisible\" data-id=\"a34dc65\" data-element_type=\"section\" data-settings=\"{&quot;background_background&quot;:&quot;classic&quot;,&quot;animation&quot;:&quot;slideInLeft&quot;}\">\n\t\t\t\t\t\t<div class=\"elementor-container elementor-column-gap-default\">\n\t\t\t\t\t<div class=\"elementor-column elementor-col-100 elementor-top-column elementor-element elementor-element-406c6e5\" data-id=\"406c6e5\" data-element_type=\"column\">\n\t\t\t<div class=\"elementor-widget-wrap elementor-element-populated\">\n\t\t\t\t\t\t\t\t<div class=\"elementor-element elementor-element-c4b624d elementor-invisible elementor-widget elementor-widget-text-editor\" data-id=\"c4b624d\" data-element_type=\"widget\" data-settings=\"{&quot;_animation&quot;:&quot;fadeIn&quot;}\" data-widget_type=\"text-editor.default\">\n\t\t\t\t<div class=\"elementor-widget-container\">\n\t\t\t\t\t\t\t<h3 style=\"font-family: Montserrat; color: #686868; background-color: #a0bb27; text-align: center;\"><span style=\"color: #ffffff;\">Najlepszy model zakupu dostosowany do mo\u017cliwo\u015bci i potrzeb Twojej firmy.<\/span><\/h3>\t\t\t\t\t\t<\/div>\n\t\t\t\t<\/div>\n\t\t\t\t\t<\/div>\n\t\t<\/div>\n\t\t\t\t\t\t\t<\/div>\n\t\t<\/section>\n\t\t\t\t<section class=\"elementor-section elementor-top-section elementor-element elementor-element-881d3ba elementor-section-boxed elementor-section-height-default elementor-section-height-default elementor-invisible\" data-id=\"881d3ba\" data-element_type=\"section\" data-settings=\"{&quot;background_background&quot;:&quot;classic&quot;,&quot;animation&quot;:&quot;slideInLeft&quot;}\">\n\t\t\t\t\t\t<div class=\"elementor-container elementor-column-gap-default\">\n\t\t\t\t\t<div class=\"elementor-column elementor-col-33 elementor-top-column elementor-element elementor-element-777b3cb\" data-id=\"777b3cb\" data-element_type=\"column\">\n\t\t\t<div class=\"elementor-widget-wrap elementor-element-populated\">\n\t\t\t\t\t\t\t\t<div class=\"elementor-element elementor-element-861c907 elementor-widget elementor-widget-text-editor\" data-id=\"861c907\" data-element_type=\"widget\" data-widget_type=\"text-editor.default\">\n\t\t\t\t<div class=\"elementor-widget-container\">\n\t\t\t\t\t\t\t<h4 style=\"text-align: center;\"><span style=\"color: #ffffff;\">Zakup<\/span><\/h4><div class=\"flex flex-grow flex-col max-w-full\"><div class=\"min-h-[20px] text-message flex flex-col items-start whitespace-pre-wrap break-words [.text-message+&amp;]:mt-5 juice:w-full juice:items-end overflow-x-auto gap-3\" dir=\"auto\" data-message-author-role=\"assistant\" data-message-id=\"24870ed9-746c-4d03-ae1a-7d287ca8f76a\"><div class=\"markdown prose w-full break-words dark:prose-invert light\"><p><span style=\"color: #ffffff;\">Wybierz standardow\u0105 opcj\u0119 i sta\u0144 si\u0119 w\u0142a\u015bcicielem licencji enova365. Otrzymaj 12-miesi\u0119czn\u0105 gwarancj\u0119 oraz mo\u017cliwo\u015b\u0107 aktualizacji oprogramowania. To idealne rozwi\u0105zanie dla tych, kt\u00f3rzy preferuj\u0105 posiadanie w\u0142asno\u015bci lub planuj\u0105 skorzysta\u0107 z dotacji lub leasingu na wdro\u017cenie systemu.<\/span><\/p><\/div><\/div><\/div><div class=\"mt-1 flex gap-3 empty:hidden juice:-ml-3\"><div class=\"-ml-1 mt-0 flex h-7 items-center justify-center gap-[2px] self-end text-gray-400 lg:justify-start lg:self-center visible\"><div class=\"flex items-center pb-0.5 juice:pb-0\"><div class=\"[&amp;_svg]:h-full [&amp;_svg]:w-full icon-md h-4 w-4\">\u00a0<\/div><\/div><\/div><\/div>\t\t\t\t\t\t<\/div>\n\t\t\t\t<\/div>\n\t\t\t\t\t<\/div>\n\t\t<\/div>\n\t\t\t\t<div class=\"elementor-column elementor-col-33 elementor-top-column elementor-element elementor-element-69174fb\" data-id=\"69174fb\" data-element_type=\"column\">\n\t\t\t<div class=\"elementor-widget-wrap elementor-element-populated\">\n\t\t\t\t\t\t\t\t<div class=\"elementor-element elementor-element-36f6019 elementor-widget elementor-widget-text-editor\" data-id=\"36f6019\" data-element_type=\"widget\" data-widget_type=\"text-editor.default\">\n\t\t\t\t<div class=\"elementor-widget-container\">\n\t\t\t\t\t\t\t<h4 style=\"text-align: center;\"><span style=\"color: #ffffff;\">Abonament<\/span><\/h4><p><span style=\"color: #ffffff;\">Wynajmuj oprogramowanie na podstawie elastycznych op\u0142at abonamentowych, dostosowanych do wybranych modu\u0142\u00f3w systemu enova365. To doskona\u0142e rozwi\u0105zanie dla ma\u0142ych i \u015brednich firm z dynamicznie zmieniaj\u0105c\u0105 si\u0119 struktur\u0105 zatrudnienia. Dostosuj liczb\u0119 dost\u0119p\u00f3w i zakres korzystania z oprogramowania do bie\u017c\u0105cych potrzeb firmy, zmieniaj\u0105c rozmiar instalacji ka\u017cdego miesi\u0105ca!<\/span><\/p>\t\t\t\t\t\t<\/div>\n\t\t\t\t<\/div>\n\t\t\t\t\t<\/div>\n\t\t<\/div>\n\t\t\t\t<div class=\"elementor-column elementor-col-33 elementor-top-column elementor-element elementor-element-b3d8acf\" data-id=\"b3d8acf\" data-element_type=\"column\">\n\t\t\t<div class=\"elementor-widget-wrap elementor-element-populated\">\n\t\t\t\t\t\t\t\t<div class=\"elementor-element elementor-element-844e145 elementor-widget elementor-widget-text-editor\" data-id=\"844e145\" data-element_type=\"widget\" data-widget_type=\"text-editor.default\">\n\t\t\t\t<div class=\"elementor-widget-container\">\n\t\t\t\t\t\t\t<h4 style=\"text-align: center;\"><span style=\"color: #ffffff;\">Dost\u0119p w chmurze<\/span><\/h4><p><span style=\"color: #ffffff;\">Korzystaj\u0105c z modelu us\u0142ugowego w chmurze, masz dost\u0119p do oprogramowania bez konieczno\u015bci inwestowania w infrastruktur\u0119 IT. Wynajem modu\u0142\u00f3w, serwer w chmurze Microsoft Azure, aktualizacje i backupy s\u0105 obj\u0119te jedn\u0105 miesi\u0119czn\u0105 op\u0142at\u0105 abonamentow\u0105. Dzi\u0119ki temu mo\u017cesz elastycznie rozwija\u0107 swoj\u0105 dzia\u0142alno\u015b\u0107 i szybko reagowa\u0107 na zmiany, oszcz\u0119dzaj\u0105c jednocze\u015bnie zasoby finansowe.<\/span><\/p>\t\t\t\t\t\t<\/div>\n\t\t\t\t<\/div>\n\t\t\t\t\t<\/div>\n\t\t<\/div>\n\t\t\t\t\t\t\t<\/div>\n\t\t<\/section>\n\t\t\t\t\t\t\t<\/div>\n\t\t","protected":false},"excerpt":{"rendered":"<p>enova365 to oprogramowanie ERP tworzone i rozwijane przez polskich eksperto\u0301w:\u00a0 ERP zgodny z aktualnymi przepisami kadrowymi, ksi\u0119gowymi oraz gospodarczymi, system zaprojektowany w oparciu o nowo\u015bci technologiczne i sprawdzone trendy, sta\u0142y dost\u0119p do nowych funkcji. Dbamy o aktualizacje systemu, kt\u00f3re wprowadzaj\u0105 najnowsze rozwi\u0105zania oraz usprawnienia. Co wyro\u0301\u017cnia enova365 od innych ERP? mo\u017cliwos\u0301\u0107 korzystania z ro\u0301\u017cnych urz\u0105dze\u0144&hellip;<\/p>\n","protected":false},"author":1,"featured_media":0,"parent":0,"menu_order":0,"comment_status":"closed","ping_status":"closed","template":"","meta":{"_monsterinsights_skip_tracking":false,"_monsterinsights_sitenote_active":false,"_monsterinsights_sitenote_note":"","_monsterinsights_sitenote_category":0,"footnotes":""},"class_list":["post-635","page","type-page","status-publish","hentry"],"_links":{"self":[{"href":"https:\/\/xsoftpoint.com.pl\/index.php\/wp-json\/wp\/v2\/pages\/635","targetHints":{"allow":["GET"]}}],"collection":[{"href":"https:\/\/xsoftpoint.com.pl\/index.php\/wp-json\/wp\/v2\/pages"}],"about":[{"href":"https:\/\/xsoftpoint.com.pl\/index.php\/wp-json\/wp\/v2\/types\/page"}],"author":[{"embeddable":true,"href":"https:\/\/xsoftpoint.com.pl\/index.php\/wp-json\/wp\/v2\/users\/1"}],"replies":[{"embeddable":true,"href":"https:\/\/xsoftpoint.com.pl\/index.php\/wp-json\/wp\/v2\/comments?post=635"}],"version-history":[{"count":49,"href":"https:\/\/xsoftpoint.com.pl\/index.php\/wp-json\/wp\/v2\/pages\/635\/revisions"}],"predecessor-version":[{"id":689,"href":"https:\/\/xsoftpoint.com.pl\/index.php\/wp-json\/wp\/v2\/pages\/635\/revisions\/689"}],"wp:attachment":[{"href":"https:\/\/xsoftpoint.com.pl\/index.php\/wp-json\/wp\/v2\/media?parent=635"}],"curies":[{"name":"wp","href":"https:\/\/api.w.org\/{rel}","templated":true}]}}